17, 1097
List the prime factors of 306950.
2, 5, 7, 877
List the prime factors of 247337.
247337
What are the prime factors of 650328?
2, 3, 7, 79
List the prime factors of 268207.
268207
What are the prime factors of 1025758?
2, 401, 1279
List the prime factors of 2111841.
3, 461, 509
What are the prime factors of 313511?
11, 2591
List the prime factors of 955761.
3, 31, 43, 239
What are the prime factors of 18130161?
3, 7, 19, 45439
List the prime factors of 5963859.
3, 11, 107, 563
What are the prime factors of 6194094?
2, 3, 1032349
What are the prime factors of 1587948?
2, 3, 132329
List the prime factors of 353346.
2, 3, 7, 47, 179
What are the prime factors of 11753575?
5, 23, 20441
List the prime factors of 19022771.
23, 89, 9293
What are the prime factors of 1330070?
2, 5, 7, 19001
What are the prime factors of 5902979?
29, 7019
What are the prime factors of 125310?
2, 3, 5, 4177
List the prime factors of 1564427.
1564427
What are the prime factors of 1068076?
2, 17, 113, 139
What are the prime factors of 141221?
141221
List the prime factors of 21211.
21211
What are the prime factors of 4998643?
13, 29, 13259
What are the prime factors of 322178?
2, 41, 3929
List the prime factors of 3777693.
3, 1259231
What are the prime factors of 240616?
2, 19, 1583
What are the prime factors of 95605?
5, 19121
List the prime factors of 1784892.
2, 3, 23, 29, 223
What are the prime factors of 27821819?
107, 260017
List the prime factors of 760779.
3, 19, 1483
List the prime factors of 2556620.
2, 5, 11, 11621
List the prime factors of 374658.
2, 3, 41, 1523
What are the prime factors of 1097539?
1097539
List the prime factors of 1344834.
2, 3, 74713
List the prime factors of 10961049.
3, 11, 193, 1721
What are the prime factors of 1064115?
3, 5, 13, 17, 107
What are the prime factors of 7857495?
3, 5, 283, 617
List the prime factors of 176233.
29, 59, 103
What are the prime factors of 531361?
101, 5261
What are the prime factors of 291161?
13, 22397
List the prime factors of 369352.
2, 137, 337
What are the prime factors of 173789?
7, 11, 37, 61
List the prime factors of 1189875.
3, 5, 19, 167
What are the prime factors of 14142448?
2, 31, 28513
List the prime factors of 2686609.
97, 27697
List the prime factors of 783590.
2, 5, 127, 617
List the prime factors of 8688308.
2, 31, 70067
List the prime factors of 6264123.
3, 53, 39397
What are the prime factors of 15861957?
3, 41, 128959
What are the prime factors of 1727164?
2, 53, 8147
List the prime factors of 5620534.
2, 79, 35573
List the prime factors of 10178427.
3, 7, 17, 4073
List the prime factors of 5409778.
2, 11, 245899
What are the prime factors of 640282?
2, 320141
What are the prime factors of 427173?
3, 142391
List the prime factors of 1246599.
3, 138511
What are the prime factors of 1707927?
3, 13, 43793
What are the prime factors of 1078392?
2, 3, 7, 131
List the prime factors of 85947.
3, 28649
What are the prime factors of 528634?
2, 101, 2617
List the prime factors of 701769.
3, 233923
What are the prime factors of 13503?
3, 7, 643
List the prime factors of 361248.
2, 3, 53, 71
What are the prime factors of 233454?
2, 3, 13, 41, 73
What are the prime factors of 6997?
6997
What are the prime factors of 1614720?
2, 3, 5, 29
What are the prime factors of 1891423?
1033, 1831
List the prime factors of 11701949.
7, 1671707
What are the prime factors of 5807482?
2, 29, 100129
List the prime factors of 2377711.
7, 339673
What are the prime factors of 148213?
13, 877
What are the prime factors of 1883671?
1883671
What are the prime factors of 344938?
2, 11, 15679
What are the prime factors of 6842157?
3, 7, 167, 1951
What are the prime factors of 330040?
2, 5, 37, 223
What are the prime factors of 34189051?
13, 2629927
What are the prime factors of 30859178?
2, 7, 1423, 1549
What are the prime factors of 148550?
2, 5, 2971
List the prime factors of 11207877.
3, 23, 127, 1279
List the prime factors of 4682536.
2, 585317
What are the prime factors of 27364?
2, 6841
What are the prime factors of 15739779?
3, 11, 29, 16447
What are the prime factors of 469723?
469723
What are the prime factors of 546838?
2, 79, 3461
List the prime factors of 325660.
2, 5, 19, 857
List the prime factors of 4866820.
2, 5, 7, 34763
What are the prime factors of 12408580?
2, 5, 620429
What are the prime factors of 1640954?
2, 7, 19, 31, 199
What are the prime factors of 14267410?
2, 5, 1426741
What are the prime factors of 1003004?
2, 250751
What are the prime factors of 1077630?
2, 3, 5, 17, 2113
What are the prime factors of 6749187?
3, 17, 59, 2243
What are the prime factors of 59818?
2, 11, 2719
List the prime factors of 5940068.
2, 1485017
List the prime factors of 284485.
5, 56897
List the prime factors of 131300.
2, 5, 13, 101
What are the prime factors of 1168950?
2, 3, 5, 7793
What are the prime factors of 63374?
2, 31687
List the prime factors of 10861990.
2, 5, 1086199
List the prime factors of 2853809.
7, 139, 419
List the prime factors of 18466.
2, 7, 1319
List the prime factors of 1737074.
2, 868537
What are the prime factors of 382795?
5, 7, 10937
What are the prime factors of 294532?
2, 7, 67, 157
List the prime factors of 38343117.
3, 47, 193, 1409
What are the prime factors of 1632908?
2, 23, 17749
List the prime factors of 300207.
3, 100069
List the prime factors of 551537.
7, 78791
List the prime factors of 328053.
3, 11, 9941
What are the prime factors of 31032335?
5, 179, 34673
What are the prime factors of 602011?
29, 20759
List the prime factors of 407257.
407257
List the prime factors of 3796451.
3796451
What are the prime factors of 122988?
2, 3, 37, 277
List the prime factors of 3512735.
5, 79, 8893
List the prime factors of 553045.
5, 110609
What are the prime factors of 660973?
660973
List the prime factors of 1403102.
2, 41, 71, 241
What are the prime factors of 500719?
500719
What are the prime factors of 1359317?
19, 29, 2467
List the prime factors of 28586.
2, 14293
What are the prime factors of 167634?
2, 3, 67, 139
List the prime factors of 2639135.
5, 23, 53, 433
What are the prime factors of 1144670?
2, 5, 114467
What are the prime factors of 210062?
2, 105031
List the prime factors of 2414028.
2, 3, 37, 5437
What are the prime factors of 99904?
2, 7, 223
List the prime factors of 7341706.
2, 41, 89533
What are the prime factors of 3928787?
73, 53819
What are the prime factors of 115508?
2, 67, 431
List the prime factors of 19610619.
3, 7, 933839
List the prime factors of 419.
419
List the prime factors of 5860102.
2, 179, 16369
What are the prime factors of 818621?
818621
What are the prime factors of 11301084?
2, 3, 53, 5923
What are the prime factors of 635580?
2, 3, 5, 11, 107
List the prime factors of 3199481.
317, 10093
List the prime factors of 306081.
3, 71, 479
List the prime factors of 7848208.
2, 31, 15823
List the prime factors of 592257.
3, 197419
List the prime factors of 1332154.
2, 17, 39181
What are the prime factors of 26603416?
2, 7, 71, 6691
What are the prime factors of 239162?
2, 7, 11, 1553
List the prime factors of 30310126.
2, 7, 11, 31, 907
List the prime factors of 2428377.
3, 7, 115637
List the prime factors of 427146.
2, 3, 71191
List the prime factors of 226788.
2, 3, 18899
What are the prime factors of 575900?
2, 5, 13, 443
What are the prime factors of 1247135?
5, 249427
List the prime factors of 7305812.
2, 23, 79411
List the prime factors of 3458799.
3, 227, 1693
What are the prime factors of 765846?
2, 3, 157, 271
What are the prime factors of 11438278?
2, 1999, 2861
What are the prime factors of 759752?
2, 7, 13567
What are the prime factors of 2898528?
2, 3, 109, 277
What are the prime factors of 23123008?
2, 439, 823
What are the prime factors of 245119?
7, 19, 97
List the prime factors of 10047555.
3, 5, 7, 167, 191
List the prime factors of 844429.
844429
What are the prime factors of 43493?
23, 31, 61
What are the prime factors of 860513?
860513
What are the prime factors of 306201?
3, 7, 2083
What are the prime factors of 1959097?
7, 17, 101, 163
What are the prime factors of 9394613?
509, 18457
List the prime factors of 63954.
2, 3, 11, 17, 19
What are the prime factors of 102416?
2, 37, 173
List the prime factors of 87932.
2, 1